s -767032 (base 9) in base 13?
-130517
1552521 (base 6) to base 14
25a93
-10111011001111111001 (base 2) to base 10
-766969
Convert -446db (base 14) to base 4.
-220201321
Convert 1311564 (base 7) to base 8.
516141
-11321341 (base 6) to base 14
-92845
What is -c638c (base 14) in base 6?
-14125424
221035 (base 10) to base 12
a7ab7
What is 24c17 (base 16) in base 8?
446027
Convert a1341 (base 11) to base 12.
71899
-12102012101 (base 3) to base 2
-11010000001010011
Convert -212012210 (base 3) to base 15.
-5033
Convert 1621a59 (base 13) to base 9.
14344747
What is 49bd88 (base 15) in base 5?
1401031203
Convert -3170 (base 11) to base 16.
-105f
Convert 1000111000010111001 (base 2) to base 8.
1070271
What is -2011012110 (base 3) in base 5?
-2324204
What is -640269 (base 14) in base 3?
-20100202222200
-1177064 (base 10) to base 4
-10133113220
What is -1777176 (base 8) in base 10?
-523902
Convert -11001011110001110111 (base 2) to base 15.
-1174a4
Convert -444144 (base 6) to base 7.
-213334
Convert -11122022100 (base 3) to base 10.
-91350
Convert -156356 (base 7) to base 14.
-b466
-102022202121221 (base 3) to base 13
-1329472
What is -200210221 (base 3) in base 16?
-3592
What is -271110 (base 8) in base 2?
-10111001001001000
Convert 200011000 (base 3) to base 12.
77a6
Convert 116326 (base 11) to base 9.
310441
Convert 122240444 (base 5) to base 6.
20325331
11613630 (base 8) to base 9
4734284
1020122001 (base 3) to base 5
1241032
201444633 (base 7) to base 12
3b158b9
Convert -1785b74 (base 12) to base 13.
-10291a5
Convert -110020310 (base 4) to base 5.
-10114414
Convert -10a506 (base 14) to base 2.
-10001010001111101010
What is -51b48c (base 13) in base 14?
-37a0b7
-18814407 (base 9) to base 16
-913699
84164 (base 12) to base 2
101010001111011100
-b295b (base 13) to base 7
-2502263
Convert -10243421213 (base 5) to base 3.
-202112210200020
4f3a (base 16) to base 4
10330322
539a (base 16) to base 12
10476
Convert 66a462 (base 11) to base 13.
2b517c
3455531 (base 6) to base 11
1123a4
3662575 (base 13) to base 14
2357554
Convert -2507466 (base 10) to base 15.
-347e46
What is 2105441 (base 7) in base 9?
426432
1420648 (base 9) to base 3
1110200201122
What is 122770 (base 12) in base 13?
a428c
Convert 10110011100110010001 (base 2) to base 13.
1c9ab2
What is 2652c7 (base 14) in base 15?
1b138b
Convert 478435a (base 11) to base 2.
11111110011010001100001
-50286 (base 15) to base 6
-5234313
Convert -23412102 (base 5) to base 4.
-310313033
What is -1110100100010001010000 (base 2) in base 9?
-7160082
Convert -a920a (base 11) to base 14.
-41b57
Convert 1419c (base 16) to base 15.
195dc
Convert 10120340 (base 6) to base 13.
a2273
Convert -279789a (base 11) to base 3.
-100001111201000
Convert -48975 (base 11) to base 4.
-101023233
Convert 515c51 (base 16) to base 14.
9cb249
Convert -437166 (base 8) to base 5.
-14201222
What is -3c470 (base 16) in base 11?
-159551
Convert -6a3a8 (base 12) to base 2.
-100010101110110000
What is -3bc2c (base 16) in base 5?
-30313110
Convert -1402 (base 11) to base 8.
-3431
1505160 (base 11) to base 10
2583658
-10424424 (base 5) to base 2
-10110100101001001
Convert 14420101 (base 5) to base 6.
3150453
What is 102013312313 (base 4) in base 14?
8b9491
What is -100221122111 (base 3) in base 15?
-3d064
What is 2221102001012 (base 3) in base 14?
2c9876
What is -101230322 (base 4) in base 15?
-1673b
243132223 (base 7) to base 3
1001121022120201
Convert -288bc (base 14) to base 10.
-100518
Convert 37464 (base 14) to base 16.
210a0
Convert -36039a (base 11) to base 2.
-10001011100001001111
125c66 (base 16) to base 3
2021010121202
291d5d (base 14) to base 16
15c54f
Convert 24122447 (base 9) to base 13.
258c469
-12220121 (base 5) to base 6
-2301131
Convert -616101 (base 8) to base 15.
-405e6
What is 1035544 (base 6) in base 4?
30221320
What is -102120210221 (base 3) in base 2?
-110111101011001000
Convert -10110100111100000 (base 2) to base 15.
-1c6b0
-6a86dc (base 14) to base 16
-3774fa
Convert 1ea7e (base 15) to base 9.
162452
What is -47aa4 (base 12) in base 11?
-66642
Convert 471634 (base 8) to base 12.
78b90
d639 (base 16) to base 7
315613
Convert 37d13 (base 15) to base 16.
2b90b
What is -60a88 (base 11) in base 9?
-145257
Convert 2720c (base 13) to base 9.
120835
What is -12221122012 (base 3) in base 4?
-130211300
Convert d1aa5 (base 14) to base 6.
14450305
What is 1751489 (base 10) in base 14?
338425
What is -14315651 (base 7) in base 15?
-1b9a8b
-ab916 (base 12) to base 9
-376280
Convert 42aa (base 15) to base 4.
3130132
What is 403024 (base 5) in base 13?
5b36
Convert 102210011212 (base 3) to base 2.
111000101000010001
What is 131030303 (base 4) in base 9?
202052
-220221310132 (base 4) to base 5
-10212011204
What is 31101323032 (base 4) in base 6?
202341034
Convert 9dbb3 (base 14) to base 11.
242335
Convert 2e5a0 (base 15) to base 3.
21121110020
-271ec7 (base 15) to base 13
-50a83b
Convert 22058 (base 16) to base 6.
2553052
What is 310645 (base 9) in base 14?
4b1d9
What is -64235 (base 11) in base 14?
-260b0
53465 (base 7) to base 3
200012202
What is -191957 (base 14) in base 3?
-1200010022120
Convert 46214405 (base 8) to base 15.
d32ce3
24400220 (base 7) to base 6
114455502
Convert -b7754 (base 12) to base 9.
-406851
Convert 14095 (base 14) to base 6.
1021135
9d9e1 (base 15) to base 14
d0bc4
Convert -240355501 (base 7) to base 10.
-14888161
4853200 (base 9) to base 2
1010000010111001011110
1d161 (base 14) to base 5
4334434
-221638 (base 10) to base 3
-102021000211
What is 11243301 (base 7) in base 13?
2867b5
1430165 (base 10) to base 3
2200122211002
Convert -28806 (base 16) to base 9.
-272506
What is 4553324 (base 6) in base 14?
60b76
341e29 (base 15) to base 13
691113
Convert -101031130003 (base 4) to base 2.
-10001001101011100000011
53597 (base 16) to base 2
1010011010110010111
What is -15501654 (base 9) in base 6?
-433453551
-135441051 (base 6) to base 7
-32464615
10160326 (base 7) to base 16
d0b8b
What is -5515321 (base 6) in base 4?
-1003003201
46130355 (base 7) to base 9
7513223
222102102020 (base 3) to base 16
7ef90
-163192 (base 16) to base 9
-2656151
-3274c (base 15) to base 7
-1235160
4906506 (base 12) to base 10
14194518
Convert -1240435 (base 6) to base 16.
-107e7
Convert 11a146 (base 13) to base 16.
670a3
Convert -271920b (base 12) to base 5.
-3441003004
11101010101111110 (base 2) to base 4
131111332
Convert 516534 (base 8) to base 7.
1312403
What is -3422541 (base 7) in base 14?
-b1321
Convert a74324 (base 11) to base 2.
110100011100110110110
Convert -240324340 (base 5) to base 11.
-6951a9
Convert -593a500 (base 11) to base 7.
-154046646
Convert 2a44c5 (base 13) to base 9.
1851554
Convert 10201112110102 (base 3) to base 11.
1131807
3011330230 (base 4) to base 9
1465174
What is -291883 (base 15) in base 10?
-1979673
55055255 (base 6) to base 15
2261a2
What is 565be3 (base 15) in base 10?
4120188
Convert -278882 (base 9) to base 8.
-515123
What is 301120000002 (base 4) in base 7?
215005515
Convert -112220210201 (base 3) to base 9.
-486721
Convert -24f82 (base 16) to base 2.
-100100111110000010
What is 511774 (base 10) in base 4?
1330330132
Convert 6570a4 (base 14) to base 2.
1101000111011100101000
Convert a9549d (base 16) to base 3.
202212210120002
Convert -237881 (base 10) to base 4.
-322010321
What is -5915a46 (base 11) in base 10?
-10329820
What is -2321325 (base 6) in base 12?
-59245
What is 554739 (base 10) in base 12?
229043
Convert 20467127 (base 9) to base 12.
336a3b1
-34604661 (base 7) to base 12
-1029540
Convert -33332 (base 12) to base 2.
-10000100100010110
Convert 104324113 (base 5) to base 14.
c12b1
-1515113301 (base 6) to base 16
-121e625
Convert 132405466 (base 7) to base 12.
2a3a0b7
-300222000 (base 5) to base 16
-11ffe9
20201211110000 (base 3) to base 16
369c69
Convert 39157 (base 16) to base 6.
5002251
-330304 (base 5) to base 9
-16477
Convert 24255422 (base 9) to base 10.
11846594
Convert 345132 (base 7) to base 15.
134ac
-1100111101011100001001 (base 2) to base 16
-33d709
What is -145451 (base 7) in base 15?
-8608
What is 1423105 (base 6) in base 8?
236221
Convert -4b8db (base 16) to base 3.
-120201111202
Convert 54458a (base 12) to base 7.
14226445
2041005 (base 6) to base 3
12000102012
9dca (base 15) 